382 is divided by 347.
35
What is the remainder when 567 is divided by 108?
27
What is the remainder when 12688 is divided by 5982?
724
Calculate the remainder when 676624 is divided by 338311.
2
Calculate the remainder when 7792 is divided by 59.
4
Calculate the remainder when 14914861 is divided by 16.
13
What is the remainder when 4783 is divided by 682?
9
Calculate the remainder when 5365628 is divided by 1256.
1252
What is the remainder when 41394 is divided by 1964?
150
What is the remainder when 12018 is divided by 1134?
678
Calculate the remainder when 43216 is divided by 30.
16
What is the remainder when 966 is divided by 120?
6
What is the remainder when 2324 is divided by 29?
4
What is the remainder when 16513 is divided by 16497?
16
What is the remainder when 167133 is divided by 9?
3
Calculate the remainder when 16526 is divided by 4028.
414
Calculate the remainder when 2136893 is divided by 963.
959
What is the remainder when 85542 is divided by 250?
42
Calculate the remainder when 42170 is divided by 14048.
26
What is the remainder when 21895 is divided by 157?
72
Calculate the remainder when 184432 is divided by 571.
570
What is the remainder when 7764 is divided by 7757?
7
Calculate the remainder when 986 is divided by 480.
26
Calculate the remainder when 4926 is divided by 535.
111
Calculate the remainder when 63381 is divided by 10562.
9
What is the remainder when 1484 is divided by 756?
728
What is the remainder when 675 is divided by 649?
26
What is the remainder when 30991 is divided by 3868?
47
Calculate the remainder when 13931 is divided by 13919.
12
Calculate the remainder when 10490 is divided by 20.
10
Calculate the remainder when 30669 is divided by 130.
119
Calculate the remainder when 711 is divided by 227.
30
What is the remainder when 99904 is divided by 49948?
8
Calculate the remainder when 12428 is divided by 2062.
56
Calculate the remainder when 701 is divided by 609.
92
What is the remainder when 23577 is divided by 342?
321
Calculate the remainder when 15477 is divided by 12.
9
Calculate the remainder when 89921 is divided by 89877.
44
Calculate the remainder when 106192 is divided by 20.
12
Calculate the remainder when 38579 is divided by 3854.
39
What is the remainder when 3143915 is divided by 31?
19
Calculate the remainder when 25986 is divided by 5176.
106
What is the remainder when 5292 is divided by 1198?
500
What is the remainder when 1243 is divided by 549?
145
What is the remainder when 44652 is divided by 310?
12
What is the remainder when 13146 is divided by 1168?
298
Calculate the remainder when 36198 is divided by 96.
6
Calculate the remainder when 2536 is divided by 77.
72
Calculate the remainder when 42725 is divided by 55.
45
Calculate the remainder when 330914 is divided by 532.
10
Calculate the remainder when 43702 is divided by 209.
21
Calculate the remainder when 1331 is divided by 436.
23
What is the remainder when 17682 is divided by 221?
2
What is the remainder when 103530 is divided by 19?
18
Calculate the remainder when 63180 is divided by 10522.
48
What is the remainder when 3569 is divided by 779?
453
Calculate the remainder when 6675 is divided by 944.
67
Calculate the remainder when 93320 is divided by 103.
2
What is the remainder when 11306 is divided by 965?
691
Calculate the remainder when 61931 is divided by 784.
779
What is the remainder when 8604 is divided by 8596?
8
Calculate the remainder when 20746 is divided by 2592.
10
Calculate the remainder when 1393 is divided by 20.
13
What is the remainder when 30287 is divided by 1594?
1
What is the remainder when 56936 is divided by 128?
104
What is the remainder when 2239 is divided by 32?
31
What is the remainder when 45013 is divided by 1074?
979
Calculate the remainder when 33178 is divided by 14.
12
What is the remainder when 18416 is divided by 6135?
11
What is the remainder when 29471 is divided by 3669?
119
What is the remainder when 1496698 is divided by 20?
18
What is the remainder when 24286 is divided by 12?
10
Calculate the remainder when 1755 is divided by 361.
311
Calculate the remainder when 116690 is divided by 7293.
2
What is the remainder when 5186 is divided by 133?
132
Calculate the remainder when 141661 is divided by 14.
9
What is the remainder when 1945 is divided by 86?
53
Calculate the remainder when 624 is divided by 114.
54
Calculate the remainder when 7341 is divided by 80.
61
What is the remainder when 4274817 is divided by 110?
107
Calculate the remainder when 297700 is divided by 333.
331
Calculate the remainder when 111272 is divided by 7418.
2
What is the remainder when 19915 is divided by 53?
40
Calculate the remainder when 86062 is divided by 3305.
132
Calculate the remainder when 192189 is divided by 493.
412
Calculate the remainder when 2340 is divided by 30.
0
Calculate the remainder when 29916 is divided by 664.
36
What is the remainder when 146295 is divided by 37?
34
Calculate the remainder when 8923 is divided by 248.
243
What is the remainder when 169910 is divided by 279?
278
What is the remainder when 75036 is divided by 17?
15
Calculate the remainder when 8862 is divided by 337.
100
Calculate the remainder when 42477 is divided by 260.
97
What is the remainder when 6567 is divided by 730?
727
Calculate the remainder when 31811 is divided by 239.
24
What is the remainder when 316232 is divided by 42?
14
What is the remainder when 2403 is divided by 1676?
727
What is the remainder when 48525 is divided by 12127?
17
What is the remainder when 6147 is divided by 11?
9
What is the remainder when 102264 is divided by 414?
6
Calculate the remainder when 975501 is divided by 1372.
9
Calculate the remainder when 10966 is divided by 938.
648
What is the remainder when 67603 is divided by 5?
3
What is the remainder when 5743 is divided by 481?
452
What is the remainder when 138860 is divided by 6612?
8
What is the remainder when 693150 is divided by 3?
0
What is the remainder when 34776 is divided by 1079?
248
What is the remainder when 63878 is divided by 7096?
14
What is the remainder when 201895 is divided by 67289?
28
What is the remainder when 565 is divided by 54?
25
Calculate the remainder when 49069 is divided by 892.
9
What is the remainder when 1624 is divided by 279?
229
Calculate the remainder when 2197 is divided by 24.
13
Calculate the remainder when 27045 is divided by 14.
11
Calculate the remainder when 40738 is divided by 1072.
2
What is the remainder when 1106 is divided by 207?
71
Calculate the remainder when 9835 is divided by 1070.
205
Calculate the remainder when 3249740 is divided by 7.
4
Calculate the remainder when 1483516 is divided by 20.
16
Calculate the remainder when 54697 is divided by 241.
231
Calculate the remainder when 1277 is divided by 153.
53
What is the remainder when 2863742 is divided by 16?
14
What is the remainder when 664109 is divided by 42?
5
What is the remainder when 4102 is divided by 1301?
199
What is the remainder when 15609 is divided by 434?
419
What is the remainder when 555427 is divided by 59?
1
What is the remainder when 47241 is divided by 15737?
30
Calculate the remainder when 1590 is divided by 889.
701
What is the remainder when 76182 is divided by 109?
100
Calculate the remainder when 85565 is divided by 28454.
203
What is the remainder when 38092 is divided by 12688?
28
What is the remainder when 18288 is divided by 258?
228
What is the remainder when 36901 is divided by 18443?
15
Calculate the remainder when 109015 is divided by 232.
207
What is the remainder when 1599 is divided by 139?
70
Calculate the remainder when 14850 is divided by 712.
610
What is the remainder when 74093 is divided by 380?
373
What is the remainder when 118472 is divided by 493?
152
Calculate the remainder when 34144 is divided by 4268.
0
What is the remainder when 63550 is divided by 63520?
30
Calculate the remainder when 4896 is divided by 2292.
312
Calculate the remainder when 26429 is divided by 888.
677
Calculate the remainder when 12367 is divided by 1166.
707
Calculate the remainder when 44507 is divided by 22249.
9
Calculate the remainder when 248021 is divided by 49602.
11
What is the remainder when 56546 is divided by 87?
83
What is the 